igit of u?
1
Let u be 3 - 55/15 - 4192/(-6). Suppose 0 = 3*w + u - 2603. Suppose -4*j + w = 3*a, 0 = -j - 2*j + 4*a + 495. What is the hundreds digit of j?
1
Let m = 10856 + 1653. What is the thousands digit of m?
2
Suppose 0*l = -2*l - 0*l. Suppose 3*c - 1620 = -l*c. Suppose 0 = -q - 4*q + c. What is the units digit of q?
8
Let l = -1638 - -5261. What is the units digit of l?
3
Let i(p) = p + 28. Let x be i(-8). Let y(k) = k**2 + 11*k - 166. What is the tens digit of y(x)?
5
Let f = -3034 + 5089. Suppose -z + b = -412, -5*z + 4*b + f = -0*b. Suppose 3*r - u = 289, -4*r - 7*u = -4*u - z. What is the tens digit of r?
9
Suppose -96649 = -13*h + 8*h - 28869. What is the thousands digit of h?
3
Let h be 3/27 - 704/(-144). What is the hundreds digit of (-20853)/(-189)*(h - -1)?
6
Let c(j) be the first derivative of 8*j + 1/2*j**2 + 49. What is the tens digit of c(6)?
1
Let f = 1135 - 441. Suppose 0 = 17*s + f - 3193. What is the tens digit of s?
4
Suppose 222*n = 607781 + 2284435. What is the units digit of n?
8
Let w(j) = 16428*j**2 - 7*j - 4. What is the tens digit of w(-1)?
3
Let b(p) = p**3 + 53*p**2 - 10*p + 561. What is the thousands digit of b(-47)?
4
Let w be ((-45)/(-60))/((-3)/(-44)). Suppose -w*q + 2160 = -5*q. What is the tens digit of q?
6
Suppose -2*w + 4407 = -135. Let j be w/9 + (-3)/9. Suppose 34 = -f - 4*v + 97, -5*v = 4*f - j. What is the tens digit of f?
6
Suppose 4*c - 19359 = -6059. Suppose 5*s + 5*o = 4*o + c, -o - 671 = -s. What is the hundreds digit of s?
6
Let p(b) = -b**2 + 11*b + 8. Let c be p(11). Suppose -5*w = -2*w - 6. Suppose -c*o + 78 = -w*o. What is the tens digit of o?
1
Let i(h) = -19*h**3 + 14*h**2 - 22*h - 145. What is the units digit of i(-10)?
5
Let p(z) = -28069*z**3 - z**2 + 12*z - 12. Let l be p(1). What is the tens digit of l/(-21) + (-2)/(-6)?
3
Suppose 2*i + 3*t - 52872 = 0, -4*i + 102443 = -5*t - 3257. What is the hundreds digit of i?
4
Let k(v) = 110*v**3 + 10*v**2 + 26*v - 147. What is the ten thousands digit of k(5)?
1
Let f be (5 - (1 - 1)) + (-32)/4. What is the tens digit of ((-4473)/27)/(1/f)?
9
Let b = -27889 - -62439. What is the thousands digit of b?
4
Suppose 0 = -h + 5 - 3, 4*x + 3*h = -238. Let c = -63 - x. What is the tens digit of (c/(-4))/(1/224)?
1
Let w be (80/15 - 4)*-15. Let c(x) = x**3 + 8*x**2 + 2*x + 26. Let m be c(-8). What is the units digit of ((608/w)/(-4))/(2/m)?
8
What is the thousands digit of -1748*(-6)/(-36)*-51?
4
Suppose -2*r + 1017 = -2*u + u, 4*r = -4*u + 2004. Suppose 5*n - r - 36 = -4*m, 0 = -n - 3*m + 115. What is the tens digit of n?
0
Let l(n) = 19*n**2 - 195*n + 99. What is the thousands digit of l(-34)?
8
Let c(n) = n**3 + n**2 - n + 1. Let g(z) = -7*z**3 - z**2 - 1. Let j(q) = -6*c(q) - g(q). Suppose -5*l + 48 = 13. What is the units digit of j(l)?
5
Let u = 222 + -59. Let v = u + -71. Suppose v = 7*z + 1. What is the units digit of z?
3
Let f be (2/(-4))/(2*(-2)/(-24)). Let v(j) = 26*j**2 + 6*j + 8. Let n be v(f). Let t = -109 + n. What is the units digit of t?
5
What is the thousands digit of (2 - 3 - -3734) + (19 - 0) + -13?
3
Suppose 4*r + 1881038 = 42*r. What is the ten thousands digit of r?
4
Let u(o) = -o + 25. Let q be u(8). Let b(x) = -x + 20. Let v be b(q). Suppose v*a + 600 = 8*a. What is the tens digit of a?
2
Suppose 12*q - 11*q - 5 = 0. Let r be (q/4)/(1/228). Suppose -5*b + r = -0*b. What is the units digit of b?
7
Suppose 2*v = v + 12. Let m = 112 + -172. Let x = v - m. What is the units digit of x?
2
Let c be (2 - 21/6)*-36. Suppose 3*x = 5*v + c - 16, 5*x - 3*v = 42. Suppose -x*z + 14*z = 488. What is the units digit of z?
1
Let g = -406 + 408. Suppose -g*x + 607 = -r - 884, -3725 = -5*x + 5*r. What is the hundreds digit of x?
7
Suppose 0 = -2*r - 3*w + 30085, 5*w = -2*r + 26770 + 3317. What is the tens digit of r?
4
Let u be 4/(-16)*-4 - -1. Suppose 3*z + u = z. What is the units digit of (-24)/1*z/2*4?
8
Suppose -7*u - 5 = -8*u. Suppose 4*m + u = -5*f - 0, 3*f + 3 = m. Suppose m*l + 3*l = 234. What is the units digit of l?
8
Let x(n) = 0*n - 33*n**2 - 32*n - 21*n**3 + 14 + 23 + 22*n**3. What is the units digit of x(34)?
5
Let m(x) = -x**2 + 3*x. Let g be m(3). Suppose 2*q = q - 4, g = 3*a + q - 227. Let h = -4 + a. What is the units digit of h?
3
What is the thousands digit of 170622/48*56/21?
9
Suppose -86497 = -80*z + 24623. What is the thousands digit of z?
1
Suppose -8*t + 0*t = -168. Suppose -512 = -t*s + 19*s. What is the units digit of s?
6
Let b = -20 - -12. Let n = -2080 - -2072. What is the tens digit of 78/n*b/3?
2
Let n(c) = 33*c + 100. What is the thousands digit of n(34)?
1
Let l = 5088 + -2119. What is the tens digit of l?
6
Let w = 333 - 143. What is the hundreds digit of w + (6 - (-4 + 8))?
1
Let n(g) = 42*g**2 - 2 - 1 - g**3 - 28*g**2 + 5 - 15*g. Let o be n(14). Let w = -39 - o. What is the tens digit of w?
6
Suppose 2245*n - 1130*n + 291375 = 1122*n. What is the hundreds digit of n?
6
Suppose -1167*r + 1181*r = 68264. What is the units digit of r?
6
Let i(z) be the third derivative of 0*z + 1/20*z**5 - 7/6*z**3 - 36*z**2 + 0 + 1/8*z**4. What is the hundreds digit of i(-7)?
1
Suppose -5*k = r - 8, -11*k - 3*r + 14 = -6*k. What is the units digit of (-3 + k)*(-7 + -1 + -110)?
6
Suppose 0 = 1126*q - 1116*q - 51320. What is the thousands digit of q?
5
Suppose -4*v - 4*n = -7*v + 126302, n = -3*v + 126337. What is the tens digit of v?
1
What is the thousands digit of (1051 - (2 - 19))*1?
1
Let l(p) = 3788*p + 5719. What is the ten thousands digit of l(6)?
2
Let v = 452 + -452. Suppose 3*h = 5*x - 4454, v*x - 5*h + 4470 = 5*x. What is the hundreds digit of x?
8
Let d(c) = -6*c**2 - 4*c + 8. Let b be d(-8). Let n = b - -518. What is the hundreds digit of n?
1
Suppose 5*m + 0*h = 3*h + 75, 3*m - 29 = 5*h. Let d be (2 - m/8) + 102/24. Suppose -d = s - 150. What is the hundreds digit of s?
1
What is the thousands digit of (((-1560)/14)/(-3))/(10/2905)?
0
Let x(q) be the third derivative of -q**6/120 + q**5/60 + q**4/24 + 109*q**3/3 - 6*q**2 - 1. What is the tens digit of x(0)?
1
Let d = -41 - -77. Suppose -2*t + 8 = d. Let k(x) = -13*x - 22. What is the hundreds digit of k(t)?
1
Let i = -37 + 64. Let q = 36 - i. What is the tens digit of (-34)/153 - ((-92)/q + 0)?
1
Suppose 6*n - 14 = 40. Let o(z) = 4*z**2 + 17*z - 77. What is the tens digit of o(n)?
0
Suppose 2*n - 10 = 4*f, -5*f - 3*n = 33 + 7. What is the tens digit of 1/((f/(-1210))/(2/4))?
2
Let c = -68 - -68. Suppose 5*s - 3*r + 14 = c, 4*s = 3*r + r - 8. What is the units digit of 111 + ((-48)/s)/(-3)?
7
Suppose -229*i = -224*i - 40. What is the hundreds digit of (24/i)/((-1335)/(-1326) + -1)?
4
Suppose -2565 = 7*x - 16*x. Suppose -x = -17*s + 22*s. Let j = s - -117. What is the units digit of j?
0
Let a(q) = -q**2 + 11*q + 55. Let y be a(15). What is the units digit of -1 + 1504/4 + y?
0
Let t(l) = -4*l - 18. Let z = 11 - 6. Suppose -z*k + y - 139 + 34 = 0, 0 = -2*y. What is the units digit of t(k)?
6
Let b be (0 + -3)*(3 + (-1 - 7)). Let p = b - 11. Suppose 0 = -5*x + p*x + 4*g + 171, 0 = -3*x - 4*g + 481. What is the hundreds digit of x?
1
Let l(g) = g**2 - 10. Let f = 36 - 42. Let r be l(f). What is the units digit of 128 - r - (-1 + 2 + 0)?
1
What is the units digit of (4 + -17 + 1)*((-4449)/(-4))/(-3)?
9
Let r = -173211 + 249785. What is the units digit of r?
4
Let z(u) = 9*u**2 + 16*u - 7. Let a = 15 - 20. Let c be z(a). Suppose p + c = 2*k, -3*k + 4*p - 28 = -240. What is the units digit of k?
8
Let b(z) be the third derivative of z**6/120 - 13*z**5/30 + 13*z**4/12 + 3*z**3/2 + 200*z**2. What is the units digit of b(25)?
4
Let n be -33 - (-4)/(-2 + -2) - 0. Let f = n - -34. Let r(q) = -5*q + 116. What is the tens digit of r(f)?
1
Let n(x) = 563*x - 8180. What is the thousands digit of n(29)?
8
Let f = -135 - -140. Suppose -f*x = -0*x, -4*u + 4592 = 4*x. What is the units digit of u?
8
Suppose -21189 = -2*a - d, -a + d + 2055 + 8535 = 0. What is the tens digit of a?
9
Suppose -7*a + 14 + 0 = 0. Let n(o) = -29*o + 3 + a*o**2 + 2 - 4*o. What is the tens digit of n(18)?
5
What is the hundreds digit of (-4)/(1 - -5 - ((-54852)/9144 - -12))?
0
Let k(p) = -23*p - 98. Let d be k(-19). Let s = d - -69. What is the tens digit of s?
0
Let g = -86 - -76. Let u(q) = -q**2 